2051 = 3*x, 0 = 4*f - 20. List the prime factors of x.
7, 1051
Suppose 0 = -12*q + 4745 + 8515. What are the prime factors of q?
5, 13, 17
Let z(g) = 5*g**2 - 3*g - 1. Let a = -202 + 106. Let p = a - -90. What are the prime factors of z(p)?
197
Let u = 659 + -287. Let a = u + 24. What are the prime factors of a?
2, 3, 11
Let f be (-3)/(-1*1/(-23)). Let y = 58 + f. List the prime factors of ((-1)/4)/(y/44) + 122.
3, 41
Suppose 110*a + 341136 = 133*a. What are the prime factors of a?
2, 3, 103
Let b be (5 - 78/(-21)) + (-4)/(-14). Suppose -h - 1615 = -3*z, -14*z + 2*h + 2693 = -b*z. What are the prime factors of z?
3, 179
Let f = -2664 + 45016. What are the prime factors of f?
2, 2647
Let r(o) = -o**3 - 6*o**2 + 11*o + 13. Let i be r(-6). Let v = -43 - i. Let y = v - -8. List the prime factors of y.
2, 3
Let m(t) = t**2 + 4*t + 3. Let z be m(-4). Let h(o) = 338*o**2 - 2*o**z - 1 - 10*o - 2*o**3 + 0 - 344*o**2. List the prime factors of h(-4).
199
Let a = 4156 - 1045. What are the prime factors of a?
3, 17, 61
Let a(t) = -16179*t**3 + 4*t**2 - 6*t - 5. List the prime factors of a(-1).
2, 7, 17
Suppose -r - 62 = -6. Let t = r + 43. Let f = 20 - t. List the prime factors of f.
3, 11
Let j(x) = -x**2 - 3*x + 1. Let l be (-10)/105*24 + 2/7. Let s be j(l). Suppose -2*b = -s*r - 7*b + 451, -4*b = r - 148. What are the prime factors of r?
2, 19
Let r = 74 - 76. Let p(q) = 87*q**2 - q - 6. What are the prime factors of p(r)?
2, 43
Let i = 36362 + -12294. List the prime factors of i.
2, 11, 547
What are the prime factors of 18/(-45) + (-135906)/(-15)?
2, 3, 5, 151
Let k(u) = -2942*u**3 - 5*u - 4. Let z be k(-1). Suppose -753 = -6*i + z. List the prime factors of i.
2, 7, 11
Suppose 0 = -14854*i + 14839*i + 989085. What are the prime factors of i?
233, 283
Let z(a) be the third derivative of -7*a**6/60 + a**5/10 + a**4/24 + a**3/3 + 175*a**2. List the prime factors of z(-3).
431
Suppose 0 = -17*n + 7*n + 20. Suppose 3*v - 2887 = -v + 3*i, n*v = -3*i + 1457. List the prime factors of v.
2, 181
Let g = 553 - 328. Suppose 0 = -v + 29 + g. List the prime factors of v.
2, 127
Let n be (4 - 3/(-6))*(3 - 1). Suppose -5*k = 4*p - n*k - 1004, 4*p = 3*k + 1001. List the prime factors of p.
2, 31
Let m = -4 + 4. Suppose -4*c + 568 - 560 = 0. Suppose 0 = -4*a + c*a - 6, 3*i + 3*a - 75 = m. What are the prime factors of i?
2, 7
Let z be -2*-3*1/9*-3. List the prime factors of ((-47)/z)/((-2)/(-16)).
2, 47
Let s(j) = -2*j**3 + 5*j**2 + 4*j - 17. Let n be s(-3). What are the prime factors of 2/(-14) - (-4070)/n?
2, 29
Let g(l) = -l. Let c(a) = 3*a - 1. Let o(h) = 4*c(h) + 11*g(h). Let z be o(3). List the prime factors of z - 1 - (-170)/1.
2, 3, 7
Let i(k) = -274*k + 70. Let t be i(-4). List the prime factors of -4*(t/(-8) + 1).
3, 193
Suppose -44*l + 1324045 = 338087 - 1111566. List the prime factors of l.
13, 19, 193
Let h(s) = -282*s**3 + 2*s**2 + 4*s + 3. Let w(q) = -11*q + 43. Let z be w(4). What are the prime factors of h(z)?
283
Suppose 0*i = 4*i + 1788. Let x be (-4)/(-12)*1*i. Let v = -66 - x. List the prime factors of v.
83
Suppose 2*d + 3*f = 8157, -8*d + 11*d = -5*f + 12233. What are the prime factors of d?
2, 3, 227
What are the prime factors of (-11)/88 - 12/(480/(-2516365))?
7, 11, 19, 43
Let c(s) be the second derivative of -s**5/20 + 7*s**4/6 + 5*s**3/6 + 10*s**2 + 34*s + 3. Let h = 24 + -10. List the prime factors of c(h).
2, 3, 5
Let d = -65 - -119. Suppose -5*h + 36 = -2*r - d, 0 = r. List the prime factors of h/1 + 0 + 2.
2, 5
Let a(k) = k**3 - k**2 - k + 56. Let f be a(0). Let m = f - 60. List the prime factors of ((-182)/(-4))/((-2)/m).
7, 13
Suppose 1085 = -5*q + p, -3*q + 0*q = -4*p + 651. Suppose -3*t + 5*x + 1214 = 0, 126 + 284 = t - 3*x. Let l = q + t. List the prime factors of l.
181
Let m(o) = 374*o**2 - 10*o - 47. List the prime factors of m(-8).
11, 2179
Suppose -24*l + 34*l = 55550. What are the prime factors of l?
5, 11, 101
Let v be 2/(-6) + (-424)/24. What are the prime factors of 662 - -2 - v/9?
2, 3, 37
Suppose 89*t - 1481794 = 3911517. What are the prime factors of t?
7, 11, 787
Suppose 26824 = -5*u - d + 141923, 4*u - 92056 = 5*d. List the prime factors of u.
3, 7673
What are the prime factors of 4/(-22) - (-290)/110*10796?
2, 7, 19, 107
Let w be (-25)/(-1)*(-5)/(-25). Suppose 0 = a - 3*t - w, -20 = -3*a - a - 2*t. Suppose -43 = -a*j + 27. List the prime factors of j.
2, 7
Let h = -1535 - -1032. Suppose -4*q + 7*x - 1320 = 12*x, 1021 = -3*q + 4*x. Let c = q - h. What are the prime factors of c?
2, 3, 7
Suppose -33*x = -13*x - 4*x - 76896. List the prime factors of x.
2, 3, 89
Let m be 6/(-9)*((-1 - 5) + 0). Suppose -3*w = -8*w - 4*a + 121, a = m*w - 80. What are the prime factors of w?
3, 7
Suppose 2*s + 3*w = -5920 + 79774, 4*w = s - 36905. What are the prime factors of s?
3, 31, 397
Suppose -2*o = 7*o - 62*o + 438469. What are the prime factors of o?
8273
Suppose 0 = -2*j - 2*v - 11 + 13, j - 5*v - 25 = 0. Suppose -405 = -5*i + j*p, 5*i + p + p = 405. What are the prime factors of i?
3
Let a(y) = 16*y**3 + 2*y**2 - y - 3. Let v be (67 + -63)*1/(-2)*-1. List the prime factors of a(v).
131
Let o = 5068 - 4432. Let c(u) = -356*u**2 + u + 1. Let r be c(-1). Let b = r + o. What are the prime factors of b?
2, 5, 7
Let u = 146 + -142. Let y(a) = -a + 1. Let h(q) = -2*q**2 - 10*q + 13. Let z(m) = -4*h(m) + 44*y(m). What are the prime factors of z(u)?
2, 13
Let k(i) = 6*i**2 - 3*i - 11. Let l be k(-4). Suppose l*r - 96*r = 1957. What are the prime factors of r?
19, 103
Let q(u) = 4*u**3 + 41*u - 157. List the prime factors of q(16).
16883
Let n(d) = 186*d**3 + 5*d**2 + 2*d + 7. List the prime factors of n(3).
2, 5, 127
Let n(u) = -3283*u + 122. Let v be n(10). List the prime factors of v/(-34) - (-18)/3.
2, 11
Let m be (820/25)/((-6)/(-15)). Suppose -83*g + m*g + 302 = 0. List the prime factors of g.
2, 151
Suppose 12*r - 15*r + 30660 = 0. List the prime factors of r.
2, 5, 7, 73
Let b(f) = 6*f + 33 - 12*f + 31*f. What are the prime factors of b(7)?
2, 13
Suppose 4 = -13*p + 15*p. Suppose -p*o = -4*n - 26, -2 = n - o + 2*o. Let j = n - -78. What are the prime factors of j?
73
Let b(j) = 72*j + 81. Let u(d) = 24*d + 27. Let o(z) = -6*b(z) + 17*u(z). What are the prime factors of o(-6)?
3, 13
Let f = -29762 + 31453. List the prime factors of f.
19, 89
Suppose -4*z = a - 3464, 0 = -93*a + 95*a + 2*z - 6892. What are the prime factors of a?
2, 5, 43
Suppose 0 = 8*w + h - 108723, 0 = -13*w + 11*w + 3*h + 27197. What are the prime factors of w?
13591
Suppose 18*g - 13342 = 4352. Suppose d - l = g, 2*d - 1752 = l + 218. List the prime factors of d.
3, 7, 47
Suppose 2*k = l - 1280, l - 6*l - 4*k + 6470 = 0. Suppose 0 = -g - 2*g + l. Suppose -10*h + 15*h - g = 0. List the prime factors of h.
2, 43
Suppose -4*i + 87 - 667 = 4*m, -3*i = 5*m + 723. Let d = m + 268. Suppose 0 = -4*o + 652 - d. What are the prime factors of o?
2, 3, 11
Suppose -130085 - 133059 = -28*v. What are the prime factors of v?
2, 37, 127
Let x = 14750 - 7896. List the prime factors of x.
2, 23, 149
Let q = 657 - 16. List the prime factors of q.
641
Suppose 0 = -3*t - 2*b + 625, t - 7*b = -5*b + 219. Suppose 6*j - t = -67. List the prime factors of j.
2, 3
Let m = 15253 + -8823. Suppose 0 = 4*q - v - 4072 - 2355, -4*q = 2*v - m. List the prime factors of q.
1607
Let p be (-30)/24 + 6375/(-20). Let k = -318 - p. What are the prime factors of k?
2
Let i(w) = -3*w**2 + 20*w - 27. Let m be -5 - (-12 + (-5 - -1)). Let g be i(m). List the prime factors of (1152/30)/8*g/(-4).
2, 3, 17
Let i = 128 + -120. Let h be (1 - 1)/(-5 + 6). Suppose h = i*m - 3*m - 145. What are the prime factors of m?
29
Let w = 26 + -21. Suppose -9*s + 36 = 3*s. Suppose -n = -w*t - s*n + 839, -t = -5*n - 157. List the prime factors of t.
167
Suppose 0 = -4*d - 8*v + 11548, d - 10*v + 15*v = 2875. What are the prime factors of d?
3, 5, 193
Let v = 2575 + 83. List the prime factors of v.
2, 3, 443
Suppose 2*a - 168 = -4*d - 3*a, 5*a + 161 = 3*d. Let r = d + -35. Suppose -r*o = -9*o - 24. What are the prime factors of o?
2
Let c(l) = -l**3 + 4*l**2 + 22*l - 16. Let y be c(-12). Suppose -y = -19*m + 4512. What are the prime factors of m?
2, 43
Suppose 3*t = c + 14983, 5*c = 2*t - 8327 - 1679. What are the prime